is the remainder when (2 - (0 + x))*24 is divided by 13?
11
Let q = 23 + -14. What is the remainder when 15 is divided by q?
6
Let w(a) = -5*a + 1. Let q = -6 + 5. What is the remainder when 17 is divided by w(q)?
5
Let b(w) = -w**3 + 8*w**2 + 12*w - 4. Suppose 0 = -5*r - 0*r + 25. What is the remainder when b(9) is divided by (r + -2)*4 + 0?
11
Suppose -3*p + 5 = 2*p, -b + p + 13 = 0. What is the remainder when 67 is divided by b?
11
What is the remainder when 7/(-21) + (-176)/(-6) is divided by 8?
5
Calculate the remainder when 98 is divided by 4/(1 - (-45)/(-51)).
30
Let w(h) = h**3 + 5*h**2 - 6*h - 1. Let d = 0 - 5. What is the remainder when w(d) is divided by 16?
13
Let p be (2/4)/(4/24). Suppose -p*z = -w + 49, -3*w + 4*z + z + 155 = 0. What is the remainder when w is divided by 19?
17
Suppose 55 = 4*g - 117. Calculate the remainder when g is divided by 15.
13
Let t be 2 - ((-3)/3 + -1). Suppose t*g - 42 = 6*g. Let l = g - -31. Calculate the remainder when 19 is divided by l.
9
Suppose 0 = 2*d + 3*j - 12, 5*j - 8 = -2*d + j. Let g = 26 - d. Suppose -i + 20 = 5*o - 18, -i + g = 2*o. Calculate the remainder when 22 is divided by o.
6
Let f = -48 + 71. Suppose 3*u - 10 - f = 0. What is the remainder when 31 is divided by u?
9
Suppose 2*z + 9 = a, -2*a = -0*a - 5*z - 14. Suppose 15*i - 11*i = 128. What is the remainder when i is divided by a?
15
Suppose 127 = 8*v - 129. Calculate the remainder when 95 is divided by v.
31
Suppose 12*a - 1030 - 554 = 0. What is the remainder when a is divided by 15?
12
Let z = 120 - -80. Suppose -2*w - 3*w = z. Let q = -24 - w. Calculate the remainder when 47 is divided by q.
15
Suppose 5 = -p, -r + 19 - 1 = -3*p. Let c = 9 - 3. Suppose d - c*d = -25. What is the remainder when d is divided by r?
2
Suppose 3*j - 46 = 5*j. Let l = j - -42. Let n(s) = 3*s - 2. Calculate the remainder when l is divided by n(3).
5
Suppose 0 = -5*j + h + 4*h + 20, h - 2 = 0. What is the remainder when 22 is divided by j?
4
Let h = 10 - 8. Suppose -2*g + 4*i = -5*g + h, 4*i - 6 = -5*g. Calculate the remainder when g is divided by 1.
0
Let t(g) = 4*g + 7. What is the remainder when t(7) is divided by 10?
5
Suppose t = 2, -4*y + 249 = -2*t + 13. Suppose -6*m = -y - 108. What is the remainder when m is divided by 10?
8
Suppose -4*k + 18 = -18. Calculate the remainder when 44 is divided by k.
8
Let o = 4 + -2. Suppose 10 = -o*u + 2. What is the remainder when (6/u)/((-6)/32) is divided by 3?
2
Suppose 0 = 4*l + 4*w + 8, -2*w + 1 = 2*l - w. Suppose 2*c + 26 = -l*s, -2*c = -0*c - 5*s - 6. Calculate the remainder when 21 is divided by 1*2 - (c + -2).
10
Let o = -86 - -112. Calculate the remainder when 75 is divided by o.
23
Suppose -6*k + 168 = -2*k. What is the remainder when k is divided by 15?
12
What is the remainder when 6 is divided by 1 - (-3 - -7) - -7?
2
Let t be 2 - (-1 - (1 + 1)). Let i = -7 - -10. What is the remainder when (2 - i)*t*-3 is divided by 8?
7
Suppose 4*k - 6*k + 36 = 0. Suppose 2*l = 5*i + 37, 4*i + i + 99 = 4*l. Calculate the remainder when l is divided by 4/6 - (-276)/k.
15
Suppose -47 = -4*j - 7. Suppose -12*l = -7*l - 195. Calculate the remainder when l is divided by j.
9
Let l = -31 + 84. Suppose -216 = -76*w + 68*w. What is the remainder when l is divided by w?
26
Let y(v) = 2*v**3 - 6*v**2 + 2*v + 1. Let t be y(4). Let a = t + -9. What is the remainder when a is divided by 11?
10
Let w(j) = j**3 - 3*j**2 - 7. Let q = -16 + 27. Calculate the remainder when w(5) is divided by q.
10
Suppose -6*v - 108 = -2*v. Let b = 38 + v. Let l = b + -1. Calculate the remainder when 19 is divided by l.
9
Let q = 5 - 81. What is the remainder when 176/5 - 3/15 is divided by q/(-6) + 4/(-6)?
11
Let m(t) = t**3 + t**2 - t + 25. Let y(q) = q - 5. Let z be y(4). What is the remainder when m(0) is divided by (3/(-3))/z*13?
12
Let j = -46 + 66. Let h = 42 + -13. Let q = h - 18. What is the remainder when j is divided by q?
9
Let v(s) = 6*s - 1. Suppose -4*b + 9*b = 15. Suppose -b*l + 19 = -20. What is the remainder when v(4) is divided by l?
10
Calculate the remainder when 2 - 0 - (-10)/(-4)*-10 is divided by 16.
11
Let p(w) = w + 9. Let b be p(-5). Suppose 5*v - 45 = -b*u, -18 = -4*u + 2*u - 4*v. What is the remainder when 42 is divided by u?
12
Suppose r = 5*s - 5, 0 = -2*s - 2*s - 4*r + 28. Suppose 3*k - k + 34 = 2*g, -s*g + 52 = 4*k. Calculate the remainder when 79 is divided by g.
19
Let x(j) = -j**3 + j**2 + 4. Let c be x(0). Suppose -c*l - 5 = -13. Suppose l*g - 25 = -0*g + i, 1 = -i. Calculate the remainder when g is divided by 7.
5
What is the remainder when (-366)/(-9)*5/(-20)*-6 is divided by 17?
10
Suppose -5*r + 73 = 2*w, -113 = -2*w + r + 2*r. Let d be (-2)/7 - (-112)/w. Suppose d*s - 30 = -s. Calculate the remainder when s is divided by 4.
2
Suppose 62*f - 58*f = 108. Let k(r) = r**2 - 3*r - 3. Calculate the remainder when f is divided by k(-3).
12
What is the remainder when (-44)/66*(-165)/2 is divided by 7?
6
Let h = -30 - -83. Suppose -4*r + 64 = 4*u, -u + h = 2*u - 2*r. What is the remainder when 31 is divided by u?
14
Let u(m) = 2*m - 10 + 10. Let d be u(1). Suppose -2*h + d = s - 5*s, -2*s + 3*h = 7. What is the remainder when 3 is divided by s?
0
Let w be -27 + -1 - (-5 + 8). Let c = -6 - w. Let g(m) = 2*m**2 - 5*m - 3. What is the remainder when c is divided by g(4)?
7
Suppose -6 - 10 = -j + 3*x, -2*x + 10 = 0. Suppose 4*c + 2*d = -d + 8, -2*c - 14 = -3*d. Calculate the remainder when j is divided by ((-2)/(-5))/(c/(-40)).
15
Let l(u) = u**3 + 14*u**2 + 11*u + 2. Let h be l(-13). Suppose -3*r + 5 = -h. What is the remainder when (0 - -1)*0 + 21 is divided by r?
10
Suppose 2*v + 3*h - 49 = 0, -5*v + 132 = -4*h + 2*h. Calculate the remainder when 96 is divided by v.
18
Calculate the remainder when 81 is divided by (-9)/6*-10 - (11 + -8).
9
Suppose 3*y - 6 = 2*o - 22, 5*o + 4*y = 40. What is the remainder when 20 is divided by o?
4
Let j = -4 + 3. Calculate the remainder when 25 is divided by -2 + j - (-6 + -11).
11
Let f = 3 - -7. Let a = 72 + -42. Suppose 4*z + 11 = -d + a, -5*z - 57 = -3*d. Calculate the remainder when d is divided by f.
9
Let v(u) = u**2 - u - 17. Let a be v(12). Suppose 0 = 2*c - 7*c + a. What is the remainder when c is divided by (0 - 1 - -3) + 4?
5
Let m = 1 - 4. Let f = m + 5. Suppose -k - a + 7 = 0, 0 = f*k - 4*a + 8*a - 18. What is the remainder when 8 is divided by k?
3
Let k(s) = -6 - 3*s - s + 3*s. What is the remainder when 3 is divided by k(-8)?
1
Let s = 111 - 74. Suppose -4*i = 2*t - 128, t - 2*i = -0*i + 60. Let u = t - s. Calculate the remainder when u is divided by 7.
4
Let o = -21 + 15. Let b = o + 14. Calculate the remainder when 14 is divided by b.
6
Suppose -q + 0 = -2, -3*x + 14 = -2*q. Let f be (-15)/(4/x + -1). Suppose -3*t + f = -33. Calculate the remainder when t is divided by 9.
8
Suppose -302 - 436 = -18*b. Calculate the remainder when 122 is divided by b.
40
Suppose -2*b + 11 = -1. Let r = b + 5. What is the remainder when 20 is divided by r?
9
Let z = -34 - -47. Let g = 33 + -8. Calculate the remainder when g is divided by z.
12
Let b = 31 - 1. What is the remainder when 87 is divided by b?
27
Let x = 21 - 13. What is the remainder when x is divided by (-1)/(-3) - (-16)/6?
2
Let v = 51 + -77. Let n be ((-36)/(-5))/((-30)/225). Let b = v - n. What is the remainder when b is divided by 10?
8
Suppose -3*q = -70 - 41. Suppose -l + 18 = -q. Suppose 55*j - 70 = 50*j. Calculate the remainder when l is divided by j.
13
Let d(u) = u**2 + 5. Let j be d(0). Suppose p = -5*g - 14, -2*p + g + j = -22. Let x = p - 5. Calculate the remainder when 15 is divided by x.
3
Let m be -3 + 0/(-1) + 7. Suppose 0 = -s - m*r - 3 - 3, -4*s + 5*r + 81 = 0. Let i = s - 0. Calculate the remainder when 25 is divided by i.
11
Suppose x - 28 = 3*g, -4*g = -x + 48 - 15. What is the remainder when 49 is divided by x?
10
Let o = -13 - -23. Suppose -3*k = t, -t = 2*k - 0 + 1. Let q(i) = 27*i**2 + 2*i - 1. Calculate the remainder when q(k) is divided by o.
8
Suppose -4*v + 4*p + 27 = -13, p = 5. Suppose 27 - 111 = -3*j. What is the remainder when j is divided by v?
13
Let j(i) = -i**3 - 7*i**2 - 5*i + 8. Let y be j(-6). Suppose -10 = -y*x - 2. Calculate the remainder when x is divided by 4.
0
W